5, 16*k = 3*s + 11*k - 823. What are the prime factors of s?
2, 3, 23
Let j = 89 + -25. What are the prime factors of j/7 - 3/21?
3
What are the prime factors of ((-9)/(-2))/((-33)/(-1496))?
2, 3, 17
Suppose -3*i - 42 = -3*q - 0, q - 44 = -5*i. Let d = q + -17. List the prime factors of d.
2
List the prime factors of -1013*(-4 + (-6)/(-2)).
1013
Let o(f) = f**3 + 4*f**2 - f - 2. Let x be o(-3). Let w(l) = -10*l - 23. Let h(c) = 5*c + 14. Let k(r) = -7*h(r) - 4*w(r). What are the prime factors of k(x)?
2, 11
Let h(c) = c**2 - 1. Let l be h(3). Suppose -5*z = 4*d - 4, -3*d - l - 8 = -z. Suppose -5*t + 38 = -z*t. What are the prime factors of t?
2, 19
Let l be 2 - 4 - (7 - 95). Let x = 38 + l. Suppose s = 4*o + 6*s - 118, -4*o = 2*s - x. List the prime factors of o.
2
Let y(n) = 123*n**2 + 347*n + 4. List the prime factors of y(-5).
2, 3, 7
Suppose -18 = 3*h - 135. Suppose -6*m + 9 = h. Let y = m - -28. What are the prime factors of y?
23
Suppose -7*w + 1188 = 20*w. What are the prime factors of w?
2, 11
Let o = -190 + 271. List the prime factors of o.
3
Let y = 73 - 68. Suppose -y*r - 10 = 0, 0 = -3*c + r - 2*r + 712. What are the prime factors of c?
2, 7, 17
What are the prime factors of (-4 + (-52)/(-14))/(5/(-9415))?
2, 269
Let v(t) = -52*t - 11. What are the prime factors of v(-5)?
3, 83
Suppose p + 16 - 453 = 0. Let i = p + -258. What are the prime factors of i?
179
Let y(c) = 10*c**3 - 9*c**2 - 22*c - 12. What are the prime factors of y(6)?
2, 3, 47
Let o(p) = 5*p**2 + 8*p + 6. List the prime factors of o(-5).
7, 13
Suppose 0 = 17*r - 5*r - 540. What are the prime factors of r?
3, 5
Suppose -3*y = 5*f - 121, 0*y + 2*f - 106 = -3*y. Let r = -46 + y. List the prime factors of (r/6 + 2)*-222.
2, 37
Let n = 721 + -372. What are the prime factors of n?
349
Let z be 1/(-1 - 28/(-26)). Let g = 17 - z. What are the prime factors of (2/4)/(g/80)?
2, 5
Let x = -432 - -1646. Suppose x = 6*v + 266. List the prime factors of v.
2, 79
Let u be (-18)/12 - 333/2. Let c = -17 - u. List the prime factors of c.
151
Suppose 7837 = 8*y + 2093. Suppose u - y = -4*i, 182 = i + 2*u - 3*u. List the prime factors of i.
2, 3, 5
Let t(u) = -2*u**2 - 11*u - 5. Let c be t(-4). Suppose 5*g + 3*y + 119 = 390, -g - 5*y = -63. Let r = g - c. What are the prime factors of r?
2, 23
Let c = 4885 - 3179. What are the prime factors of c?
2, 853
Let l(o) = -o**2 + 9*o - 4. Let d be l(9). Let v(x) = x**3 + 5*x**2 + 4*x + 5. Let y be v(d). Suppose y*p - 87 = 2*p. What are the prime factors of p?
29
Suppose 2*h + 4*b + 1384 = 0, -5*h + 4*b + 576 - 4106 = 0. Let l be (h/45)/(1/(-5)). Let r = l - 36. What are the prime factors of r?
2, 3, 7
Suppose 0 = -10*g + 8683 - 633. What are the prime factors of g?
5, 7, 23
Let i(r) = -r**3 - 4*r**2 - 4*r + 1. Let z be i(-4). Let p = z - 2. Suppose -4*h + 96 = -5*v, -3*h - 5*v = -87 + p. List the prime factors of h.
2, 3
Suppose 0 = 22*w - 17*w - 20. Suppose -6*q + w*q + 226 = 0. List the prime factors of q.
113
Let b = -26 - -40. Let r be (8/b)/((-10)/(-35)). Suppose -5*v = n + n - 3, -r*v = -4*n + 42. What are the prime factors of n?
3
List the prime factors of ((-3)/15)/((-12)/91860).
1531
Let g(s) = -5*s**2 + 6*s**2 - 5 + 3*s**2 - 2*s. Let h be g(4). What are the prime factors of h + -2*(-3 - -1)?
5, 11
Suppose 6*u = 8*u - 10. Let j be 1/(-1*u/(-120)). Suppose -17*c + 20*c - j = 0. List the prime factors of c.
2
Suppose -3*m - x = x - 29, -2*m = -x - 10. Let a be m/1 - (-3)/(-1). Suppose -2*j + 95 = 5*v - 3*j, -a*v = -4*j - 92. What are the prime factors of v?
2, 3
Let a(k) = -16*k - 31. Let f(h) = h**2 + 5*h - 23. Let q be f(-7). List the prime factors of a(q).
113
Let i = 10 - -2. What are the prime factors of (8/i)/(3/198)?
2, 11
Let q = 26 + -25. Suppose 2*s = -5*a, -4*a = -s + 14 - q. Suppose -2*p - 4*d + 36 = -10, s*d + 47 = 3*p. List the prime factors of p.
19
What are the prime factors of -6 + 1110*1 + 7?
11, 101
Let x(b) be the second derivative of -b**5/20 + 7*b**4/12 - 2*b**3/3 + 9*b**2/2 - 28*b. Suppose -2*q = -4*q + 12. What are the prime factors of x(q)?
3, 7
Let f be ((-60)/50)/((-6)/40). Let k = f - 5. What are the prime factors of 40*-3*k/(-18)?
2, 5
Let y(r) = 4*r**3 - r. Let o be (-10 - -4)*(-3)/6. Let f be y(o). What are the prime factors of (6/5)/(6/f)?
3, 7
Suppose 0 = -4*b + 9269 - 6189. What are the prime factors of b?
2, 5, 7, 11
Suppose 0*t + 2*t = -2*t. Suppose -2*u + 3*q = -195, u + 3*q - 102 + 0 = t. List the prime factors of u.
3, 11
Let g be ((-15)/2)/(3/(-4)). Let a(k) = -k**3 + 9*k**2 + 10*k + 4. Let l be a(g). Suppose 8*y - l*y - 28 = 0. What are the prime factors of y?
7
Let w = 1365 + -922. Suppose -7*l - 65 = -w. List the prime factors of l.
2, 3
Suppose -3 - 9 = -2*o. Suppose s + 3*s + o = -2*v, 2*s + 2*v = -8. List the prime factors of -2 + (s - -2) + 16.
17
Let k = 111 - -428. What are the prime factors of k?
7, 11
Let l(v) = 10*v**2 + 3*v + 19. What are the prime factors of l(-6)?
19
Suppose y + 3*r + 2*r - 87 = 0, 2*y = -5*r + 154. List the prime factors of y.
67
List the prime factors of ((-56)/52)/7 - (-31206)/39.
2, 5
Let q(i) = -1. Let t(l) = -5*l - 8. Let v(y) = q(y) - t(y). What are the prime factors of v(3)?
2, 11
Suppose 4*f - 2*y + 117 = 3*y, 4*y - 21 = f. Let n = f - -35. Suppose -2*v - n*v = -c + 22, -5*v - 50 = -5*c. List the prime factors of c.
2, 3
Let u be ((-6)/4)/(12/(-32)). Suppose -4*s = u*k - 996, 0*k = k + 3. What are the prime factors of s?
2, 3, 7
Let q be 1/3*3 + 24. Let t = 37 - q. Let i = 24 - t. What are the prime factors of i?
2, 3
Let s be (1/1)/(2 - 3). Let r be (-9 + 40)*s/(-1). Suppose -10*y + 11*y = r. What are the prime factors of y?
31
Let x = 1653 - 1008. What are the prime factors of x?
3, 5, 43
Suppose 2*a - 6*a = -2*n + 170, -5*a = -5*n + 400. Suppose -d + 4*u = -4, 0 = -0*d - 5*d - u + 20. Suppose 0 = d*g + g - n. What are the prime factors of g?
3, 5
Suppose 0 = -545*b + 534*b + 33814. What are the prime factors of b?
2, 29, 53
Let k = -12 - -16. Suppose y + z + k*z = 73, -455 = -5*y + 5*z. Suppose -3*p = 4 - y. List the prime factors of p.
2, 7
Let n(m) = m**3 - 4*m**2 - 5*m - 4. Let w be n(5). Let f be 3/(w/((-16)/4)). Suppose -f*b = -4*o + 69, 5*o + b - 128 = -37. List the prime factors of o.
2, 3
Suppose b + 31 = 42. What are the prime factors of b?
11
Let p be (4/(-4))/(2/32). Let l = 20 + p. Suppose -4*u - 2*d - 62 + 286 = 0, l*u + d = 220. What are the prime factors of u?
2, 3
Let s(n) = 257*n**2 + 4*n. List the prime factors of s(2).
2, 7, 37
Let i = -13 - -16. Suppose i*b + 120 = 714. What are the prime factors of b?
2, 3, 11
Suppose -4*v + 9632 = 2*t - 7*v, 5*t - 4*v - 24066 = 0. List the prime factors of t.
2, 5, 13, 37
Let i(z) = -2*z**3 - 2*z**2 - 3*z - 3. Let b be i(-2). Let k = 146 + -123. Suppose a - b = k. What are the prime factors of a?
2, 17
Suppose -12*c + 8*c + 22976 = -4*l, 3*c = -6*l + 17214. List the prime factors of c.
2, 3, 11, 29
Let j(a) = 4*a**2 + a + 1. Let x be j(3). Suppose 3*h - 5*n - x = 0, n - 5 = 2*h + 4*n. Suppose -h*o + 100 = -o. List the prime factors of o.
5
Suppose -38*y + 43*y - 4795 = 0. List the prime factors of y.
7, 137
Let m(y) = y**3 + 4*y**2 + 3*y + 1. Let c be m(-2). Suppose p - 5*u - 58 = -0*u, c*u + 95 = 2*p. What are the prime factors of p?
43
Let j(l) = -3*l**2 + 2*l + 5. Let n be j(-5). Let x be 18/(-63) - n/(-14). List the prime factors of (-575)/(-15) - (-2)/x.
2, 19
Let k = 1927 - 855. What are the prime factors of k?
2, 67
Suppose 4*b + 7732 = 7*b - 4*y, -3*b - y = -7742. What are the prime factors of b?
2, 3, 5, 43
List the prime factors of ((-1008)/35)/(-8)*1790/4.
3, 179
Let k = 22 + -20. Suppose -2*r - k*l = 66, 4*r + 114 = 6*l - l. Let g = 58 + r. What are the prime factors of g?
3
Suppose 5*m - n - 6685 = 4*n, 5*m = 4*n + 6682. What are the prime factors of m?
2, 23, 29
Let n = 9 - 4. Let h = n + 1. Suppose y - h*y = -115. What are the prime factors of y?
23
Suppose 3273 = 3*h - 13*k + 8*k, -5*k + 1111 = h. List the prime factors of h.
2, 137
Suppose 15538 = -4*p + 21*p. List the prime factors of p.
2, 457
Let b(j) = 2*j**3 - 17*j**2 - 11*j + 75. What are the prime factors of b(12)?
3, 317
Let u(t) = t**2 - t. Suppose -3 = 3*k - 0*k. Let i(l) = 4*l**2 - 6*l. Let s(y) = k*i(y) + 5*u(y). Wha